rime factors of a.
13
Suppose 11*c - 337 = 1170. What are the prime factors of c?
137
What are the prime factors of (-2 - 201/(-6))/(6/16)?
2, 3, 7
Suppose -18 = -3*w + 3*p, 3*w - 3*p = 2*w + 8. Suppose 0 = -3*u + w*u - 28. List the prime factors of u.
2, 7
Let h = -15 - -24. Let j be ((-12)/h)/((-4)/6). Suppose 0 = j*d - 5*d + 24. List the prime factors of d.
2
Let g = -55 - -90. Let t = -3 + 7. Suppose 8 = t*w - 0*w, g = 5*l + 5*w. List the prime factors of l.
5
Let b = 2 - 8. Let u(x) = -3*x**3 + 7*x**2 + 13*x + 8. Let q(y) = -2*y**3 + 7*y**2 + 12*y + 8. Let a(w) = -4*q(w) + 3*u(w). List the prime factors of a(b).
2, 5
Let r be (-2 - -1) + 58 - 2. Suppose -3*l + 31 + r = -5*z, z + 26 = l. Suppose 4 = -3*c + l. List the prime factors of c.
2, 3
Let j(h) = h + 8. Let y be 4*2/(-1) + 2. List the prime factors of j(y).
2
Let x = -16 - -23. What are the prime factors of x*(0/3 + 1)?
7
Suppose 0 = -0*d + d - 5*l + 19, -5*d - 5*l + 55 = 0. Let h = d - 1. What are the prime factors of h?
5
Suppose 0*h + 2*h - 37 = -a, -2*h + 2*a + 28 = 0. List the prime factors of h.
17
List the prime factors of (48/40)/((-6)/(-340)).
2, 17
Suppose -7*b = -6*b - 50. What are the prime factors of b?
2, 5
Let q(h) = h**3 - 4*h**2 - 4*h - 1. Let j be q(5). Suppose 4*t - b = b + 8, j*t + 4*b + 16 = 0. List the prime factors of t + (-12)/(-9)*3.
2
Suppose -3*i = 3*t - 795, 2*t + 820 = -0*i + 3*i. List the prime factors of i.
2, 3, 5
Let y(v) = -4*v**3 + v**2 + 2*v + 1. Let d be y(-1). Suppose -8*x = -5*x. Suppose d*w - 38 = 3*h, h - 3*h + 4 = x. List the prime factors of w.
11
Let b(v) be the second derivative of v**4/6 - 5*v**3/6 - 7*v**2/2 + 4*v. Let q be b(-5). Suppose -2*k = 2*k - q. List the prime factors of k.
17
Suppose 41 = -4*n - t, -6*n = -4*n + 3*t + 33. Let u(a) = -5*a - 10. List the prime factors of u(n).
5, 7
Suppose 1 = -p + 4. Let n = 2 + p. What are the prime factors of n?
5
Let s(x) = 8*x**3 - x**2 + x - 1. Suppose -3*h - 10 = 2*m - 4, -9 = h + 3*m. Suppose h = 5*t - 3*t - 2. What are the prime factors of s(t)?
7
Let r(u) = -u**2 + 9*u - 3. List the prime factors of r(4).
17
Let t(j) = 2*j**3 - 5*j**2 - 11*j - 8. List the prime factors of t(6).
2, 89
Suppose 1 = -5*b - 5*q + 41, -2*b + 8 = 4*q. Suppose 0 = -4*j - 2*u - 3*u + 30, -2*j + b = u. Let w(h) = 2*h**2 - 8*h + 4. What are the prime factors of w(j)?
2, 7
Let t(u) be the third derivative of -u**5/60 - u**4/4 - u**3/6 - 3*u**2. What are the prime factors of t(-5)?
2
Let w(s) = s**3 + 13*s**2 - 3*s - 31. What are the prime factors of w(-12)?
149
Let m = -5 - -273. List the prime factors of m.
2, 67
Suppose 3*t = 5 + 7. What are the prime factors of ((-15)/t)/((-1)/4)?
3, 5
Let q be ((-1)/(-2))/((-3)/(-6)). Suppose q = -b + 4. List the prime factors of (-2)/b + (-38)/(-3).
2, 3
Let h be 4*3/12*2. Let m(a) = -a + 6 - 10 + a**3 + 11*a**h - a**2. List the prime factors of m(-10).
2, 3
Let q be -1*(3 + 2) - -3. Let k = q + 6. What are the prime factors of k?
2
Let c(m) = 5*m**2 - m**3 + 3 - 3*m + 0 + 1. Let i be c(3). Suppose -u + 2 = -i. What are the prime factors of u?
3, 5
Let w = 1 + 3. Suppose -56 = 10*j - 17*j. Let v = w + j. List the prime factors of v.
2, 3
Let j(y) = 5*y**2 + 2*y - 2. Let f(b) = 81*b**2 + 33*b - 33. Let a(q) = -2*f(q) + 33*j(q). List the prime factors of a(-1).
3
Let y = -17 - -22. Suppose 3*c - 14 = -2*v - 0*v, -y*c + 3*v = -55. What are the prime factors of c?
2
Let s = 210 - 149. What are the prime factors of s?
61
Suppose 256 = 4*w - 612. List the prime factors of w.
7, 31
Suppose 0 = -b + 12 - 0. Let m be -2 + (-1)/((-2)/b). List the prime factors of m/(-2)*11/(-2).
11
Let d(r) = r + 2. Let q be d(3). Suppose -2*u = -q*u + 36. What are the prime factors of u?
2, 3
Let o = 30 + 23. What are the prime factors of o?
53
Let c(h) = h**3 + 6*h**2 - 5*h + 5. Let p be c(-6). Let d = -15 + p. What are the prime factors of d?
2, 5
Let y(j) = j**3 - 9*j**2 + 12*j - 7. Let f = 11 + -3. Let q be y(f). List the prime factors of 10/q + (-96)/(-10).
2, 5
Let g = 22 + -18. Suppose -y = g*y - 125. List the prime factors of y.
5
Let s(z) = 2*z - 6. Let f be s(0). Let k = 45 + f. What are the prime factors of k?
3, 13
What are the prime factors of ((-265)/(-10) + 5)*4?
2, 3, 7
Let k = -99 + 205. What are the prime factors of k?
2, 53
Let p = 45 - 11. Let t = -20 + p. List the prime factors of t.
2, 7
Let z(j) = -7*j - 5. Let g be z(-4). Suppose -r - 4*s - g = s, 73 = -5*r - 4*s. Let i = 24 + r. What are the prime factors of i?
11
Suppose -2 = 5*l - 6*l. Let b(w) = 1 - w**2 + 3*w - w - l + 0*w**2 + 19*w**3. List the prime factors of b(1).
19
Suppose 0*o + 38 = -2*o. Let m = o - -31. Suppose 5 + 0 = 5*i, m = y + i. What are the prime factors of y?
11
Let h(w) = -w**2 + 5*w - 2. Let s be h(3). Suppose s - 34 = -5*x. Let m = x - 1. List the prime factors of m.
5
Suppose -2*d = 2*d + 8, -d = k. Suppose -k*p + 33 = -p. What are the prime factors of p?
3, 11
Let o = -5 + 7. Suppose -o*x + 8 = t - 3*x, 3*t - 4*x = 28. What are the prime factors of t?
2
Let a(h) = 12*h**2 + h - 10. What are the prime factors of a(3)?
101
Suppose 5*d = 78 - 8. Let f = 28 - 20. Let c = d - f. List the prime factors of c.
2, 3
Let b = -7 + 24. Suppose -b = r + 11. Let i = -15 - r. List the prime factors of i.
13
Suppose -3*a + j = -10, 2*j = 5 + 5. Suppose 50 = a*v - 15. List the prime factors of v.
13
Let o = -5 + 5. Suppose o*v = -4*v + 28. List the prime factors of v.
7
Suppose j + 4*j = -5*b + 30, -j + 22 = -3*b. What are the prime factors of j?
2, 5
Let l = 12 + -8. Let c = 23 - l. Suppose -4*s + 33 = -c. What are the prime factors of s?
13
Suppose 3*c - 182 = -5*r, -5*c - 2*r + 435 - 138 = 0. List the prime factors of c.
59
Suppose -3*y = -72 + 3. List the prime factors of y.
23
What are the prime factors of -66*(6/(-9) - 5)?
2, 11, 17
Suppose -5*j + 380 + 370 = 0. List the prime factors of j.
2, 3, 5
Let z(t) = 3*t**2 - 19*t - 1. What are the prime factors of z(14)?
3, 107
Let d = -5 - -15. List the prime factors of d.
2, 5
Let l = 193 - 96. What are the prime factors of l?
97
List the prime factors of (1 + -6 + 2)/(6/(-210)).
3, 5, 7
Let k be (2 + 15/(-6))*-6. Let s(x) = x + 8. Let o be s(-6). Suppose o*q - k*w = -2*w + 24, 5*w + 10 = 0. What are the prime factors of q?
11
Suppose 0 = -5*f + 3*f + 6. Suppose 2*g = -f*g + 15. Suppose g*n = -i + 6, 4 + 6 = 5*n + 2*i. What are the prime factors of n?
2
Let f(a) = -a**3 - 3*a**2 - 4*a + 2. Suppose -5*h + 3 + 7 = 0, 0 = 4*t + 3*h + 2. What are the prime factors of f(t)?
2, 3
Let x(g) be the second derivative of -g**3/6 + 3*g**2 + 2*g. Let r be x(4). Suppose 14 = 2*y - 5*s, -r*y + 35 = 3*y - 5*s. List the prime factors of y.
7
Let d(i) = -i**3 + 7*i**2 - 3*i - 6. Let j be d(6). List the prime factors of -2 + 2 + 2 + j.
2, 7
Let f = 26 - -29. What are the prime factors of f?
5, 11
Let p(w) = w + 1. Let h(a) = -1 - 3 - 3*a - a + 1. Let n be h(-3). What are the prime factors of p(n)?
2, 5
Suppose 9 = -v - 3*d, -2*v + d = 1 - 11. Suppose 6*n + v*h - 106 = n, 3*n + 3*h = 66. What are the prime factors of n?
2, 5
Let i(v) = v + 6. Let m(s) be the third derivative of s**5/60 - s**4/12 - s**3/2 + 3*s**2. Let y be m(3). What are the prime factors of i(y)?
2, 3
Let h(o) = o + 9. Suppose -m = -5*f - 23, 5*m - 17 - 10 = 3*f. Let q be h(f). Suppose 4 = q*l - 16, d - 4 = 2*l. What are the prime factors of d?
2, 3
Let w be (-15)/(-10)*28/(-3). Let j be (-284)/w - (-6)/(-21). Let s = 34 - j. What are the prime factors of s?
2, 7
Suppose 5*q + 2*w = 25, q - w - 1 - 4 = 0. Suppose -5*c = 3*l - 15, c + 9 = 4*c + q*l. List the prime factors of ((-48)/(-4))/(c/4).
2
What are the prime factors of -2 - -64 - 0/(-3)?
2, 31
Suppose -3*n = n, 3*n - 46 = -2*h. What are the prime factors of h?
23
Let o(p) = 26*p + 8. What are the prime factors of o(3)?
2, 43
Let h be (-3)/9 - (-26)/(-3). Let t = 21 + h. List the prime factors of t.
2, 3
Let l = -37 - -73. List the prime factors of l.
2, 3
Let c(i) = -i**2 - 7*i - 1. Let y(n) = 5 - 3 + 2*n - 1 - 3 - n**2. Let u be y(3). What are the prime factors of c(u)?
3
Let t(a) = 2*a + 1. Let x(z) = 0*z**2 - 3 - 5*z**2 + 3*z - 2 - z**3 + 2*z. Let g be x(-6). What are the prime factors of t(g)?
3
Suppose 2*g - 5*m - 45 = 0, -4*g - 5*m + 108 = -57. Suppose